{"id":1109,"date":"2023-03-22T09:33:22","date_gmt":"2023-03-22T09:33:22","guid":{"rendered":"https:\/\/vizl.eu\/?page_id=1109"},"modified":"2023-03-22T09:33:22","modified_gmt":"2023-03-22T09:33:22","slug":"excursies-en-jaarvergaderingen-1929-1945","status":"publish","type":"page","link":"https:\/\/vizl.eu\/index.php\/excursies-en-jaarvergaderingen-1929-1945\/","title":{"rendered":"Excursies en jaarvergaderingen 1929 &#8211; 1945"},"content":{"rendered":"\n<p>1928 \/ 1929<\/p>\n\n\n\n<ul class=\"wp-block-list\">\n<li>Excursie naar de Staatsmijn &#8216;Maurits&#8217;.<\/li>\n<\/ul>\n\n\n\n<p>1929 \/ 1930<\/p>\n\n\n\n<ul class=\"wp-block-list\">\n<li>Koninklijke Nederlandsche Papierfabriek en Eerste Nederlandsche Cement Industrie. Met diner te Valkenburg.<\/li>\n<\/ul>\n\n\n\n<p>1930 \/ 1931<\/p>\n\n\n\n<ul class=\"wp-block-list\">\n<li>Traditionele feestvergadering met diner te Valkenburg.<\/li>\n\n\n\n<li>S.S.B (StaatsMijnen) en naar de Spoorweg Schaesberg-Simpelveld met diner in Aken.<\/li>\n<\/ul>\n\n\n\n<p>1931 \/ 1932<\/p>\n\n\n\n<ul class=\"wp-block-list\">\n<li>De fabrieken: Canoy-Herfkens, Tiglia, Waterkrachtcentrale &#8217;t Steel en de dakpannenfabriek &#8216;De Valk&#8217;; met diner te Valkenburg.<\/li>\n\n\n\n<li>De nieuwe 150 kV lijn Lutterade-Roermond, met voordracht van de heer Kortlandt.<\/li>\n\n\n\n<li>De nieuwe Maasbrug te Maastricht, met voordracht van de heer Volker.<\/li>\n<\/ul>\n\n\n\n<p>1932 \/ 1933<\/p>\n\n\n\n<ul class=\"wp-block-list\">\n<li>Excursie naar de TH in Aken &#8216;Laboratorium f\u00fcr Werkstoffkunde&#8217; en het &#8216;Aerodynamisches Institut&#8217;.<\/li>\n\n\n\n<li>Bezichtiging van het automatisch pompstation &#8216;De Landens&#8217; te Mechelen en de watertoren te Schimmert. Diner te Valkenburg.<br><\/li>\n\n\n\n<li>1933 \/ 1934<\/li>\n<\/ul>\n\n\n\n<ul class=\"wp-block-list\">\n<li>Bezichtiging van de Maaswerken per boot en bezoek nieuwe kantoor v\/d NV PLEM<\/li>\n<\/ul>\n\n\n\n<p>1934 \/ 1935<\/p>\n\n\n\n<ul class=\"wp-block-list\">\n<li>Bezoek aan de Philipsfabrieken te Eindhoven en aan de Golf-club te Valkenswaard<\/li>\n\n\n\n<li>Boottocht ter gelegenheid van de opening van het Albertkanaal op uitnodiging van de Vereniging tot Behartiging van de Limburgse Scheepvaart.<\/li>\n<\/ul>\n\n\n\n<p>1935 \/ 1936<\/p>\n\n\n\n<ul class=\"wp-block-list\">\n<li>Bezoek aan de haven te Stein en het de haven en emplacement te Born.<\/li>\n<\/ul>\n\n\n\n<p>1936 \/ 1937<\/p>\n\n\n\n<ul class=\"wp-block-list\">\n<li>Bezoek aan de ondergrondse werken, de Cokesfabriek en het Stikstofbindingsbedrijf van Staatsmijn Maurits.<\/li>\n\n\n\n<li>De gelaste burg der NS te Nuth en gerestaureerd kasteel te Hoensbroek.<\/li>\n\n\n\n<li>Bezoek aan het Heimans Natuurmonument in het Geuldal bij Epen.<\/li>\n<\/ul>\n\n\n\n<p>1937 \/ 1938<\/p>\n\n\n\n<ul class=\"wp-block-list\">\n<li>Nieuwe haven van Luik (ver. behartiging Limburgsche Scheepvaartbelangen).<\/li>\n\n\n\n<li>Werken van het Albertkanaal (samen met KIVI).<\/li>\n\n\n\n<li>Stuwdammen complex Noord-Eifel (vm Aken).<\/li>\n\n\n\n<li>Soci\u00e9t\u00e9 C\u00e9ramique, NV Kalkmergelmaatschappij &#8216;St. Pietersberg&#8217; en NV Brand&#8217;s Bierbrouwerij; diner te Valkenburg.<\/li>\n<\/ul>\n\n\n\n<p>1938 \/ 1939<\/p>\n\n\n\n<ul class=\"wp-block-list\">\n<li>Excursie naar de Internationale Tentoonstelling van het Water te Luik.<\/li>\n\n\n\n<li>Met boottocht en ontvangst door het bestuur van de Association des Ingenieurs Sorties de L&#8217;Ecole de Li\u00e8ge.<\/li>\n<\/ul>\n\n\n\n<p>1939 \/ 1940<\/p>\n\n\n\n<ul class=\"wp-block-list\">\n<li>Geen jaar vergadering met excursie &#8216;wegens de inmiddels ingetreden oorlogstoestand&#8217;.<\/li>\n<\/ul>\n\n\n\n<p>1940 \/ 1941<\/p>\n\n\n\n<ul class=\"wp-block-list\">\n<li>Wegens de tijdsomstandigheden geen feestelijke herdenking van het 25-jarig bestaan op 18 maart 1941.<\/li>\n\n\n\n<li>Excursie naar de Elektriciteitscentrale van de Julia te Eygelshoven.<\/li>\n<\/ul>\n\n\n\n<p>1941 \/ 1945<\/p>\n\n\n\n<ul class=\"wp-block-list\">\n<li>In deze jaren vonden geen excursies plaats.<\/li>\n<\/ul>\n","protected":false},"excerpt":{"rendered":"<p>1928 \/ 1929 1929 \/ 1930 1930 \/ 1931 1931 \/ 1932 1932 \/ 1933 1934 \/ 1935 1935 \/ 1936 1936 \/ 1937 1937 \/ 1938 1938 \/ 1939 &hellip; <\/p>\n","protected":false},"author":1,"featured_media":0,"parent":0,"menu_order":0,"comment_status":"closed","ping_status":"closed","template":"","meta":{"footnotes":""},"class_list":["post-1109","page","type-page","status-publish","hentry"],"_links":{"self":[{"href":"https:\/\/vizl.eu\/index.php\/wp-json\/wp\/v2\/pages\/1109","targetHints":{"allow":["GET"]}}],"collection":[{"href":"https:\/\/vizl.eu\/index.php\/wp-json\/wp\/v2\/pages"}],"about":[{"href":"https:\/\/vizl.eu\/index.php\/wp-json\/wp\/v2\/types\/page"}],"author":[{"embeddable":true,"href":"https:\/\/vizl.eu\/index.php\/wp-json\/wp\/v2\/users\/1"}],"replies":[{"embeddable":true,"href":"https:\/\/vizl.eu\/index.php\/wp-json\/wp\/v2\/comments?post=1109"}],"version-history":[{"count":1,"href":"https:\/\/vizl.eu\/index.php\/wp-json\/wp\/v2\/pages\/1109\/revisions"}],"predecessor-version":[{"id":1110,"href":"https:\/\/vizl.eu\/index.php\/wp-json\/wp\/v2\/pages\/1109\/revisions\/1110"}],"wp:attachment":[{"href":"https:\/\/vizl.eu\/index.php\/wp-json\/wp\/v2\/media?parent=1109"}],"curies":[{"name":"wp","href":"https:\/\/api.w.org\/{rel}","templated":true}]}}